j - 7313. Determine f(-14).
-5
Let a(n) = n**3 + 13*n**2 - 2*n - 133. Calculate a(-12).
35
Let k(r) = 4*r**2 - 42*r + 801. What is k(14)?
997
Let h(q) = 589*q - 4714. Give h(8).
-2
Let z(d) = -2*d**2 + 89*d - 504. Determine z(37).
51
Let z(u) = 2*u**2 - 40*u + 184. Give z(12).
-8
Let w(b) = b**3 + 53*b**2 + 157*b + 108. Calculate w(-50).
-242
Let m(u) = -561*u - 15. Give m(0).
-15
Let z(q) = -19084*q - 114504. Give z(-6).
0
Let q(t) = -t**2 - 82*t - 975. Calculate q(-14).
-23
Let y(r) = 33*r - 52. What is y(9)?
245
Let o(n) = 18279*n - 18281. Give o(1).
-2
Let p(g) = -7*g**2 + 388*g + 132. Calculate p(56).
-92
Let m(h) = h**3 + 21*h**2 + 5*h + 124. Calculate m(-21).
19
Let l(a) = -a**3 - 53*a**2 - 89*a + 671. Calculate l(-51).
8
Let s(a) = -180*a + 1106. Give s(6).
26
Let x(i) = -234*i + 1165. What is x(5)?
-5
Let u(o) = -2865*o - 42975. Calculate u(-15).
0
Let f(l) = l**3 + 11*l**2 + 20*l - 52. What is f(-5)?
-2
Let f(r) = -253*r + 2237. Calculate f(9).
-40
Let y(w) = 224*w - 3137. Determine y(14).
-1
Let f(n) = 4*n**2 - 5*n - 107. Calculate f(6).
7
Let k(d) = d**3 + 17*d**2 - 10*d - 56. Give k(-17).
114
Let q(m) = -m**2 - 18*m + 21. Determine q(-27).
-222
Let c(z) = -z**2 - 6*z + 541. Calculate c(19).
66
Let u(a) = -6*a**2 - 21*a - 100. Determine u(-7).
-247
Let z(k) = -k**3 - 35*k**2 + 17*k - 339. Determine z(-36).
345
Let t(k) = k**2 - 12*k - 217. Determine t(22).
3
Let q(k) = 43*k**3 + k**2 - 2. Calculate q(1).
42
Let k(z) = -742*z + 3704. Calculate k(5).
-6
Let k(t) = 241*t + 23615. Calculate k(-98).
-3
Let n(a) = 44*a - 1933. What is n(44)?
3
Let m(j) = -j**2 + 54*j + 349. What is m(-6)?
-11
Let a(n) = 2*n**3 - 29*n**2 + 111*n - 48. Give a(7).
-6
Let n(u) = -1729*u + 65710. Calculate n(38).
8
Let p(v) = -2*v**3 + 58*v**2 + 29*v - 159. Give p(29).
682
Let k(s) = 142*s**3 + 4*s**2 + 9*s - 14. Give k(1).
141
Let x(k) = k**2 + 19*k - 576. What is x(-36)?
36
Let t(d) = -59*d**2 + 1715*d - 111. What is t(29)?
5
Let o(k) = 41*k + 295. What is o(-6)?
49
Let g(p) = -p**3 + 11*p**2 - 7*p. What is g(10)?
30
Let t(m) = 671*m + 8741. Determine t(-13).
18
Let d(g) = 2*g + 9. Determine d(-8).
-7
Let s(h) = h**3 - 19*h**2 + 4. Give s(19).
4
Let f(y) = y**3 - 28*y**2 + 189*y + 59. Give f(15).
-31
Let f(u) = -8778*u + 122897. What is f(14)?
5
Let h(q) = -1943*q + 1937. What is h(1)?
-6
Let b(j) = j**3 + 25*j**2 - 43*j + 302. What is b(-27)?
5
Let r(y) = y**2 - 114*y + 766. Give r(7).
17
Let r(s) = s**3 - 22*s**2 + 110*s - 41. What is r(13)?
-132
Let a(x) = 2308*x + 4595. Calculate a(-2).
-21
Let h(x) = 49*x - 174. What is h(4)?
22
Let j(u) = 7*u**3 - 53*u**2 - 9*u + 3. Calculate j(7).
-256
Let x(r) = 39*r - 3610. Give x(93).
17
Let d(t) = 24*t + 1315. Give d(-55).
-5
Let s(j) = 15*j**2 - 252*j + 9. Determine s(17).
60
Let b(p) = 1149*p - 40225. Determine b(35).
-10
Let r(k) = 3*k**3 - 58*k**2 - 163*k + 1207. Determine r(21).
-11
Let g(l) = -119*l - 1438. Calculate g(-12).
-10
Let k(u) = 14*u**3 - 2*u**2 + 86*u + 87. Calculate k(-1).
-15
Let i(x) = -x**2 - 439*x - 12264. Determine i(-30).
6
Let w(a) = -a**3 - 31*a**2 - 31*a + 15. What is w(-30)?
45
Let q(v) = -v**2 + 91*v - 2056. What is q(50)?
-6
Let y(n) = 21*n**3 - 2*n**2 - 3*n - 2. Give y(-2).
-172
Let u(c) = c**3 - 11*c**2 + 23*c - 57. Determine u(8).
-65
Let t(z) = 115*z - 8. What is t(-4)?
-468
Let o(p) = -p**2 - 93*p + 757. What is o(8)?
-51
Let u(g) = 2*g**2 + 582*g + 42035. What is u(-158)?
7
Let p(h) = h**3 + 56*h**2 + 112*h + 13211. What is p(-58)?
-13
Let a(o) = o**3 + 82*o**2 - 1791*o + 909. Determine a(-100).
9
Let y(i) = -81*i + 2925. What is y(37)?
-72
Let w(m) = m**3 + 38*m**2 - 42*m - 318. Give w(-39).
-201
Let x(q) = -q**2 - 64*q - 959. Determine x(-41).
-16
Let w(u) = u**2 - 34*u - 73. Calculate w(36).
-1
Let s(u) = 4*u**2 + 1077*u + 291. What is s(-269)?
22
Let b(r) = -r**3 - 23*r**2 + 59*r + 209. Give b(-25).
-16
Let s(w) = w**2 - 79*w + 738. Give s(68).
-10
Let c(m) = 59*m - 4460. Give c(77).
83
Let z(o) = -10*o**2 + 38*o - 21. What is z(4)?
-29
Let d(r) = -39*r - 1720. Calculate d(-35).
-355
Let s(q) = q + 14. Determine s(-14).
0
Let h(p) = p**3 + 2*p**2 - 72*p - 11. What is h(-7)?
248
Let c(j) = -18*j**2 + 209*j + 83. Determine c(12).
-1
Let c(i) = -i + 18. Calculate c(2).
16
Let b(w) = 60*w - 2763. Give b(46).
-3
Let s(r) = 39*r + 76. Calculate s(-3).
-41
Let m(u) = 52*u - 1609. What is m(32)?
55
Let o(x) = 23*x + 244. What is o(-11)?
-9
Let n(y) = 39*y**3 - 590*y**2 + 86*y - 168. What is n(15)?
-3
Let u(v) = -3*v**3 - 7*v**2 + 13*v - 32. Determine u(4).
-284
Let x(w) = -1258*w - 3757. Determine x(-3).
17
Let f(p) = 3063*p - 61265. Give f(20).
-5
Let x(d) = -6*d**2 + 3. Determine x(5).
-147
Let g(o) = o**3 + 95*o**2 + 102*o + 739. Calculate g(-94).
-13
Let i(m) = -m**3 + 68*m**2 - 112*m - 1319. What is i(66)?
1
Let r(w) = -8*w**2 + 8*w + 37. Determine r(-3).
-59
Let g(s) = 25*s - 396. Give g(16).
4
Let r(j) = -j**3 - 19*j**2 - 33*j + 20. Give r(-17).
3
Let a(v) = -v**3 - 4*v**2 + 38*v + 45. Determine a(-7).
-74
Let k(v) = -2*v**2 + 6*v + 197. What is k(5)?
177
Let t(c) = -7*c - 147. Calculate t(-17).
-28
Let q(i) = 10*i**3 + i**2 + i. Determine q(-1).
-10
Let q(g) = 51*g + 626. Give q(-12).
14
Let c(o) = -2*o**2 + 289*o + 427. What is c(146)?
-11
Let c(t) = -454*t + 4991. Determine c(11).
-3
Let h(a) = -a**3 + 10*a**2 - 421*a + 1979. Determine h(5).
-1
Let b(y) = 4*y**3 - 219*y**2 - 53*y - 109. Determine b(55).
1
Let y(r) = -29*r**2 - 213*r + 9. Give y(-7).
79
Let j(l) = -l**2 + 25*l - 134. Calculate j(8).
2
Let c(i) = -4*i**2 + 39*i + 359. Give c(-6).
-19
Let l(a) = -2*a**2 + 69*a + 9570. Determine l(-54).
12
Let j(f) = 12*f**2 + 97*f + 81. Determine j(-5).
-104
Let i(p) = 15*p**2 + 228*p + 51. Determine i(-15).
6
Let u(r) = -9*r**2 + 1587*r + 46660. Give u(202).
-2
Let x(f) = -f**3 - 19*f**2 + 12*f - 149. Calculate x(-20).
11
Let q(l) = l + 166. Calculate q(-9).
157
Let p(u) = -u**2 + 25*u + 45. Calculate p(27).
-9
Let m(q) = q**2 - 34*q - 811. Give m(-16).
-11
Let t(b) = -b**3 + 16*b**2 - 63*b - 12. What is t(8)?
-4
Let p(u) = 42126*u + 252748. Calculate p(-6).
-8
Let q(f) = f**3 - 101*f**2 + 1678*f + 60. What is q(21)?
18
Let r(y) = y**3 - 57*y**2 - 513*y + 11. What is r(-8)?
-45
Let d(g) = -3*g**2 - 38*g + 410. What is d(10)?
-270
Let n(y) = -46*y + 173. Calculate n(4).
-11
Let q(v) = -2*v**2 + 183*v - 864. Determine q(5).
1
Let k(v) = -81*v - 4810. Calculate k(-64).
374
Let i(z) = 175*z + 352. Determine i(-2).
2
Let f(h) = 38*h**3 - 2*h**2 + 2*h - 2. Calculate f(1).
36
Let i(o) = 3*o**3 - 461*o**2 - 621*o + 157. Determine i(155).
2
Let i(c) = -c**3 + 14*c**2 + 25*c + 118. What is i(16)?
6
Let h(g) = -g**2 + 23*g + 1200. What is h(48)?
0
Let w(c) = 75*c - 386. Calculate w(4).
-86
Let p(x) = 6*x**2 - 173*x - 10. What is p(29)?
19
Let c(n) = -3*n**2 + 105*n + 698. Give c(41).
-40
Let q(x) = 29*x**2 + 261*x - 28. Calculate q(-9).
-28
Let f(v) = -321*v - 1633. Give f(-5).
-28
Let h(n) = -n**2 - 55*n - 336. Give h(-7).
0
Let k(o) = o**3 - 6*o**2 - 19*o + 58. Determine k(7).
-26
Let d(w) = -6754*w - 135090. Give d(-20).
-10
Let x(u) = -3*u + 266. Give x(53).
107
Let y(j) = 10*j**2 + j + 19. Calculate y(-3).
106
Let x(u) = -38*u - 785. Give x(-19).
-63
Let u(j) = -j**3 + 13*j**2 + 20*j - 174. Calculate u(13).
86
Let l(a) = -1948*a - 21356. Determine l(-11).
72
Let f(m) = -5*m**2 - 76*m - 378. Determine f(-7).
-91
Let h(r) = -23*r**2 - 207*r - 8. Give h(-9).
-8
Let h(s) = -2*s**3 + 14*s**2 + 12*s - 122. Calculate h(6).
22
Let s(g) = 64*g - 525. What is s(8)?
-13
Let o(z) = z**3 - 28*z**2 - 61*z + 33. What is o(30)?
3
Let y(q) = 2*q**2 - 17*q - 62. What is y(10)?
-32
Let p(r) = r**3 + 14*r**2 + 70*r + 1158. Calculate p(-15).
-117
Let z(f) = 18367*f + 165297. What is z(-9)?
-6
Let w(d) = -85*d**2 + 4845*d - 2. Calculate w(57).
-2
Let i(v) = 119*v - 120. Give i(1).
-1
Let v(p) = -43*p - 4224. Give v(-98).
-10
Let t(k) = -556*k + 3937. Give t(7).
45
Let q(f) = -3*f**3 + 4*f**2 - 16*f + 15. Determine q(4).
-177
Let f(o) = -5*o**3 + 18*o**2 + 39*o - 9. Determine f(-3).
171
Let t(b) = 3*b**2 + 15*b + 7. Calculate t(0).
7
Let m(c) = -1764*c - 8836. Give m(-5).
-16
Let d(o) = 7*o**2 - 626*o - 3192. Give d(-5).
113
Let s(k) = 684*k + 30100. What is s(-44)?
4
Let m(v) = 26*v + 2239. Calc